ighest common divisor of 116 and q.
29
Let n be (-6 + 3 + -1637)*(-6)/15. Calculate the greatest common factor of n and 32.
16
Let p(z) = 2*z**2 + 4*z + 1. Let q be 34/(-10) + 2/5. Let l be p(q). Let u = 1096 - 1089. Calculate the highest common factor of l and u.
7
Let s be 40/(-6)*126/(-35). Let g = -16 + s. Suppose 3*n + w = 76, -n - 2*w = n - 56. What is the highest common divisor of g and n?
8
Let p = -103 + 104. Suppose -4*n - 25 = 5*x, 3*x - 3 = x + n. Let d be 3 - (-2)/(p - x). What is the greatest common factor of 4 and d?
4
Let i(s) = -27*s - 4. Let f be (11 + -5)*10/4. Suppose 0 = -6*v + v - f. Let y be i(v). Calculate the greatest common factor of y and 7.
7
Let g(v) = -271*v - 1. Let z be g(-1). Let l = -41 + 43. Suppose l*y + c = 270, -y + 3*c - z = -3*y. What is the highest common factor of y and 15?
15
Suppose 6*i + 208 = 754. What is the greatest common divisor of i and 7?
7
Let c be (-5952)/(-56) + 6/(-21). Let j = c + -34. What is the highest common divisor of 24 and j?
24
Suppose 2*g - 610 = -0*v - 3*v, 3*v - g = 613. Suppose 4*q - 2*q + 204 = j, -3*q - 4*j - 328 = 0. Let w = q + v. What is the highest common divisor of w and 20?
20
Suppose -13*o = -3*o - 1320. Calculate the greatest common divisor of 48 and o.
12
Suppose 4*h = 4*j + 104, 2*h - 3*h - 3*j + 38 = 0. What is the highest common divisor of 2 and h?
1
Let t = -33 + 36. Let r(x) = 5*x**2 - 4*x + 12. Let b be r(t). What is the greatest common factor of 9 and b?
9
Suppose -5*d = 3*m - 173, -4*m + 9*d + 284 = 5*d. Calculate the greatest common factor of 66 and m.
66
Let j = 16 + -13. Suppose -j*b + q = -38, 3*b = 5*q + 81 - 23. What is the highest common factor of b and 44?
11
Let b(o) = o**2 + 2*o - 3. Let m be b(-3). Suppose m = 5*y - 200 - 185. Calculate the highest common divisor of 11 and y.
11
Suppose 3*a = 5*r + 12 + 66, -r + 3 = 0. Calculate the greatest common divisor of a and 62.
31
Let k = -119 + 133. What is the highest common factor of k and 112?
14
Suppose -17*m + 21*m + 16 = 0. Let k be (-1)/m + (-675)/(-20). Calculate the greatest common divisor of 68 and k.
34
Let m be (250/15)/(6/36). Calculate the highest common factor of 160 and m.
20
Let v = 236 + -230. What is the highest common factor of 86 and v?
2
Let g(s) = 2*s - 10. Let c be g(9). Let k(r) = 2*r + 4. Let i be k(c). Suppose -5*b = -3*b - 10. What is the highest common divisor of i and b?
5
Let j = -40 + 39. Let y(g) = 130*g**2 - g - 1. Let c be y(j). Let v(s) = 4*s + 2. Let n be v(6). What is the highest common factor of c and n?
26
Let x = -41 + 89. Suppose t = -3*t + 8. Suppose g + 5*j - 32 = 0, 5*g + 3 = t*j + 55. What is the highest common factor of g and x?
12
Suppose -15*h - 10*h + 8775 = 0. What is the highest common factor of h and 39?
39
Suppose 10*l - 5*l - 15 = 0. Suppose 2*p = 6*p - 2*k - 60, k + 44 = l*p. What is the greatest common factor of 21 and p?
7
Suppose 0 = 5*w - 20 + 10. Suppose -w*y = -4*y. Suppose y = 3*q - 124 + 16. What is the greatest common divisor of q and 12?
12
Suppose 21*h - 5588 = -1241. Calculate the highest common factor of 18 and h.
9
Let p be -2 - -1 - (-5 + -3). Let x be (17/34)/((-2)/(-112)). What is the highest common divisor of p and x?
7
Suppose 0 = -o - o + 5*d - 4, -8 = -4*d. Let v = o - 0. What is the highest common factor of 3 and v?
3
Suppose g + 1 = -x, -2*g + 0*g + x + 10 = 0. Suppose -g*p - m = -207, -5*m + 179 = 2*p + 54. Let q = 85 - 71. What is the greatest common divisor of p and q?
14
Suppose -4*c + 13 + 9 = t, -13 = -c - 4*t. Suppose -29 - 6 = -u. Calculate the highest common factor of c and u.
5
Let g = 31 - 16. Suppose 6*v - g = 27. Calculate the greatest common factor of v and 56.
7
Suppose 55 = 4*w + 23. Let u(o) = 134*o**3 + 2*o**2 + 2*o + 1. Let x be u(-1). Let m = -45 - x. Calculate the highest common factor of m and w.
8
Let c be (5 + 215/(-10))/(6/(-164)). What is the highest common factor of c and 132?
11
Let n be (639/36 - 3)/(1/4). What is the highest common factor of n and 236?
59
Let n = 54 - 44. Suppose 0 = -u - 4*h + 10, -5*u + 85 - n = -5*h. Calculate the greatest common factor of u and 2.
2
Let g be (1/(-1))/((-16)/208). Suppose -3*u - 4*p + 45 + 90 = 0, -3*u + 4*p = -111. Suppose -u = -4*q + 427. Calculate the greatest common divisor of q and g.
13
Let l(r) = 55*r - 71. Let a be l(5). What is the highest common factor of 357 and a?
51
Let v = 3 + 11. Suppose -4*l - 3*l + v = 0. What is the highest common factor of 2 and l?
2
Let h = -155 - -201. What is the highest common divisor of h and 368?
46
Let y be (-9)/(-6) - (3 - 27/6). Suppose -y*f = -6*f + 96. What is the greatest common factor of f and 80?
16
Let f be (0 + 2)*(-1)/(-2). Suppose -22*g + 224 = 6*g. Calculate the highest common factor of g and f.
1
Let k(w) = -w**3 + 4*w + 5. Let s be k(-3). Let q be (12/(-5))/(1/(-10)). Suppose -8 = -4*r + q. What is the greatest common divisor of r and s?
4
Suppose 233*s = 221*s + 3168. Calculate the greatest common divisor of s and 198.
66
Let b be (-18)/24 + 23/4. Suppose b = 3*n + 4*k, 4*n - 7*k + 3*k = 16. Calculate the greatest common divisor of n and 15.
3
Let f(v) = -2*v**2 + 85*v - 37. Let a be f(42). Suppose -2*j - 3*d + 45 = 0, 7*d + 25 = 2*d. What is the greatest common divisor of a and j?
5
Let r(f) be the third derivative of 17*f**5/20 - 7*f**4/24 - f**3 + 20*f**2. Let q be r(-1). What is the greatest common divisor of 130 and q?
26
Let x(l) = -2*l**3 - 5*l**2 - 2*l - 8. Let d be x(-3). What is the greatest common divisor of 7 and d?
7
Suppose -2*b = -0*b - 4*i - 28, 5*b = -3*i + 5. Suppose 5*l + 0 = 5, b*l + 1 = 5*u. Let r = 17 - u. Calculate the highest common divisor of r and 40.
8
Let g = 57 - 52. Suppose 2*o - 7*v + 2*v - 46 = 0, -10 = g*v. Let s = -16 + 61. What is the greatest common factor of o and s?
9
Suppose -141*h + 172*h - 7285 = 0. What is the highest common divisor of 94 and h?
47
Let d(w) = w**3 + 9*w**2 - 24*w - 15. Let z(a) = a**2 + 11*a - 11. Let s be z(-11). Let k be d(s). Calculate the greatest common divisor of k and 91.
7
Let x = 238 + -220. Calculate the highest common divisor of x and 54.
18
Let v = -48 + 93. Suppose 4*w - 28 = -2*a, 44 = 3*a + 4*w + w. What is the greatest common factor of a and v?
9
Suppose -7*p = -633 + 87. Let n = -72 + p. What is the greatest common factor of n and 10?
2
Let k be 164/7 - (-88)/154. Calculate the highest common divisor of k and 138.
6
Let w(m) = 186*m - 530. Let x be w(3). What is the greatest common divisor of 686 and x?
14
Let n = 48 - 7. Let w = n - -39. Calculate the highest common divisor of 10 and w.
10
Suppose 80*a - 77*a - 120 = 0. Let v be (28/20 - 1)*40. What is the greatest common factor of a and v?
8
Let k(q) = 2*q**2 + q + 1. Let w be (3 + -6 - -3)/2. Let m be k(w). Let f be 26/6 - m/3. What is the greatest common factor of f and 8?
4
Suppose 5*a - 28 = -2*k, -3*a + 0*a = -12. Let m = k + 10. What is the highest common divisor of m and 2?
2
Let x = 640 + -607. What is the highest common factor of 12 and x?
3
Let r be (-4)/10 - (-48)/(-5). Let c be (-4)/r + (-2)/5. Let a = c + 16. Calculate the highest common divisor of a and 8.
8
Let t be ((-2)/(-4))/((-1)/(-4)). Suppose 2*h + 2*y + 3*y - 1 = 0, -4*y = h + 1. Suppose -5*c + 40 = h*c. Calculate the greatest common divisor of t and c.
1
Let u(s) = s**3 - 13*s**2 + 12*s + 10. Let j be u(12). Suppose -96 = 5*n + 274. Let i = 154 + n. Calculate the highest common factor of j and i.
10
Suppose 32 = 2*a - 2*z, -z = 4*a - 2*z - 64. Suppose 4*l + 58 = 154. Calculate the greatest common divisor of l and a.
8
Let f(n) = n + 39. Let h be f(0). Let t be h/(-6) + 2/4. Let q be (-3)/t - (-45)/10. Calculate the greatest common factor of 55 and q.
5
Let u(n) = n**2 - 37*n + 14. Let d be u(37). Calculate the greatest common factor of 91 and d.
7
Let s be (-1)/6*-52*6. Calculate the greatest common divisor of s and 286.
26
Let m(y) = 22*y - 125. Let d be m(6). Let w(r) = 4*r**2 - 6*r + 11. Let q be w(6). What is the greatest common factor of d and q?
7
Let m = -12 + 15. Let j = 107 - 92. Calculate the highest common divisor of m and j.
3
Let j be (15 + -19)/(8/(-62)). Suppose -f + 55 + j = 0. Calculate the greatest common divisor of 215 and f.
43
Suppose -2*m - 2*m - 38 = -5*a, -2 = -a - 2*m. Suppos